d by 18.
7
What is the remainder when 122 is divided by 20?
2
Calculate the remainder when 418 is divided by 233.
185
Calculate the remainder when 1140 is divided by 47.
12
What is the remainder when 59 is divided by 14?
3
Calculate the remainder when 99 is divided by 43.
13
What is the remainder when 53 is divided by 51?
2
What is the remainder when 10438 is divided by 116?
114
What is the remainder when 659 is divided by 32?
19
Calculate the remainder when 1508 is divided by 118.
92
Calculate the remainder when 194 is divided by 121.
73
What is the remainder when 345 is divided by 29?
26
What is the remainder when 1229 is divided by 25?
4
What is the remainder when 139 is divided by 82?
57
What is the remainder when 232 is divided by 159?
73
Calculate the remainder when 879 is divided by 6.
3
What is the remainder when 3107 is divided by 82?
73
Calculate the remainder when 24530 is divided by 221.
220
What is the remainder when 137 is divided by 26?
7
What is the remainder when 144 is divided by 20?
4
What is the remainder when 30 is divided by 14?
2
Calculate the remainder when 69 is divided by 65.
4
What is the remainder when 272 is divided by 48?
32
Calculate the remainder when 357 is divided by 18.
15
Calculate the remainder when 80 is divided by 21.
17
Calculate the remainder when 82 is divided by 18.
10
What is the remainder when 3850 is divided by 12?
10
What is the remainder when 83 is divided by 43?
40
What is the remainder when 3688 is divided by 9?
7
What is the remainder when 3195 is divided by 16?
11
What is the remainder when 83 is divided by 14?
13
Calculate the remainder when 392 is divided by 5.
2
Calculate the remainder when 71 is divided by 26.
19
What is the remainder when 187 is divided by 94?
93
Calculate the remainder when 3427 is divided by 66.
61
Calculate the remainder when 927 is divided by 134.
123
Calculate the remainder when 878 is divided by 52.
46
What is the remainder when 113 is divided by 30?
23
Calculate the remainder when 488 is divided by 483.
5
What is the remainder when 109 is divided by 26?
5
Calculate the remainder when 175 is divided by 47.
34
Calculate the remainder when 169 is divided by 41.
5
What is the remainder when 1305 is divided by 433?
6
Calculate the remainder when 245 is divided by 60.
5
Calculate the remainder when 13 is divided by 5.
3
What is the remainder when 813 is divided by 157?
28
Calculate the remainder when 664 is divided by 35.
34
What is the remainder when 95 is divided by 24?
23
What is the remainder when 527 is divided by 147?
86
Calculate the remainder when 90 is divided by 59.
31
Calculate the remainder when 302 is divided by 144.
14
What is the remainder when 78 is divided by 32?
14
What is the remainder when 158 is divided by 27?
23
Calculate the remainder when 105 is divided by 10.
5
What is the remainder when 1915 is divided by 1877?
38
What is the remainder when 587 is divided by 31?
29
Calculate the remainder when 3315 is divided by 114.
9
What is the remainder when 177 is divided by 30?
27
Calculate the remainder when 597 is divided by 229.
139
Calculate the remainder when 141 is divided by 48.
45
Calculate the remainder when 1114 is divided by 93.
91
What is the remainder when 3131 is divided by 108?
107
What is the remainder when 2191 is divided by 142?
61
What is the remainder when 259 is divided by 43?
1
What is the remainder when 2599 is divided by 19?
15
Calculate the remainder when 381 is divided by 95.
1
Calculate the remainder when 1040 is divided by 218.
168
Calculate the remainder when 143 is divided by 37.
32
What is the remainder when 375 is divided by 136?
103
What is the remainder when 2588 is divided by 70?
68
Calculate the remainder when 99 is divided by 50.
49
Calculate the remainder when 136 is divided by 35.
31
Calculate the remainder when 673 is divided by 133.
8
What is the remainder when 45 is divided by 7?
3
Calculate the remainder when 20976 is divided by 7.
4
What is the remainder when 946 is divided by 247?
205
Calculate the remainder when 137 is divided by 72.
65
What is the remainder when 29 is divided by 16?
13
What is the remainder when 68 is divided by 21?
5
What is the remainder when 41 is divided by 22?
19
What is the remainder when 519 is divided by 84?
15
Calculate the remainder when 69 is divided by 26.
17
What is the remainder when 1951 is divided by 73?
53
What is the remainder when 92 is divided by 34?
24
Calculate the remainder when 45 is divided by 14.
3
What is the remainder when 92 is divided by 65?
27
Calculate the remainder when 219 is divided by 44.
43
What is the remainder when 542 is divided by 19?
10
What is the remainder when 1817 is divided by 9?
8
Calculate the remainder when 638 is divided by 68.
26
What is the remainder when 17931 is divided by 14?
11
What is the remainder when 179 is divided by 48?
35
What is the remainder when 161 is divided by 29?
16
Calculate the remainder when 148 is divided by 11.
5
Calculate the remainder when 2851 is divided by 2837.
14
Calculate the remainder when 129 is divided by 24.
9
What is the remainder when 14 is divided by 12?
2
What is the remainder when 218 is divided by 108?
2
Calculate the remainder when 495 is divided by 249.
246
Calculate the remainder when 58 is divided by 12.
10
What is the remainder when 3484 is divided by 111?
43
Calculate the remainder when 8861 is divided by 42.
41
Calculate the remainder when 144 is divided by 7.
4
Calculate the remainder when 922 is divided by 422.
78
What is the remainder when 123 is divided by 68?
55
Calculate the remainder when 191 is divided by 58.
17
What is the remainder when 563 is divided by 70?
3
What is the remainder when 33 is divided by 1?
0
Calculate the remainder when 321 is divided by 133.
55
What is the remainder when 11847 is divided by 237?
234
What is the remainder when 112 is divided by 39?
34
What is the remainder when 80 is divided by 80?
0
What is the remainder when 1652 is divided by 212?
168
What is the remainder when 291 is divided by 92?
15
What is the remainder when 94 is divided by 48?
46
What is the remainder when 549 is divided by 197?
155
What is the remainder when 63 is divided by 55?
8
Calculate the remainder when 30 is divided by 21.
9
What is the remainder when 764 is divided by 51?
50
What is the remainder when 1325 is divided by 51?
50
Calculate the remainder when 1525 is divided by 153.
148
Calculate the remainder when 315 is divided by 2.
1
What is the remainder when 1325 is divided by 14?
9
What is the remainder when 273 is divided by 127?
19
What is the remainder when 30772 is divided by 25?
22
What is the remainder when 117 is divided by 49?
19
Calculate the remainder when 374 is divided by 126.
122
Calculate the remainder when 816 is divided by 63.
60
Calculate the remainder when 7376 is divided by 217.
215
What is the remainder when 51 is divided by 30?
21
What is the remainder when 353 is divided by 17?
13
What is the remainder when 519 is divided by 29?
26
Calculate the remainder when 120 is divided by 61.
59
Calculate the remainder when 231 is divided by 47.
43
Calculate the remainder when 35623 is divided by 19.
17
What is the remainder when 24108 is divided by 10?
8
Calculate the remainder when 3 is divided by 2.
1
Calculate the remainder when 4561 is divided by 83.
79
What is the remainder when 833 is divided by 167?
165
What is the remainder when 179 is divided by 15?
14
What is the remainder when 4757 is divided by 238?
235
What is the remainder when 10254 is divided by 263?
260
What is the remainder when 22761 is divided by 13?
11
What is the remainder when 490 is divided by 45?
40
What is the remainder when 55 is divided by 25?
5
Calculate the remainder when 201 is divided by 21.
12
Calculate the remainder when 517 is divided by 40.
37
Calculate the remainder when 404 is divided by 29.
27
What is the remainder when 497 is divided by 171?
155
What is the remainder when 2055 is divided by 678?
21
What is the remainder when 780 is divided by 128?
12
Calculate the remainder when 138 is divided by 72.
66
What is the remainder when 3536 is divided by 162?
134
Calculate the remainder when 492 is divided by 5.
2
What is the remainder when 3443 is divided by 13?
11
Calculate the 